187. Calculate the remainder when v is divided by 20.
17
Suppose 0 = -16*l + 22*l + 168. Let s = l - -49. What is the remainder when ((-124)/10)/(1/(-5)) is divided by s?
20
Suppose 2*r = 6, 7*v - 26 = 5*v - 4*r. Let u(k) = k**3 + 5*k**2 + 2*k - 1. What is the remainder when u(-3) is divided by v?
4
Let c(x) = 3*x**2 - 52*x - 6. Calculate the remainder when c(21) is divided by 34.
21
Suppose 2*d - 119 = -3*j - 18, 3*d = -2*j + 139. What is the remainder when 213 is divided by d?
41
Suppose 8 = 5*t + 3*y, 0 = 4*t - 3*t - 2*y + 1. Suppose 13*c + 130 = 39*c. What is the remainder when c is divided by t?
0
Calculate the remainder when 281 is divided by (-105)/(-10) - 9 - (-41)/2.
17
Let x = -9 - -18. Suppose 5*z - 246 + x = -l, 0 = 2*z - 5*l - 84. What is the remainder when z is divided by 12?
11
Let x = 0 + -1. Let d = x - -30. Suppose 5*y - 4*y - d = b, 3*y = 2*b + 84. What is the remainder when y is divided by 14?
12
Let r(o) = o**3 + 7*o**2 + 3*o. Let a = -25 + 21. Calculate the remainder when r(a) is divided by 19.
17
Let c = 8 - 5. Suppose 2*b = -2*k + b + 112, -c*k + 169 = 2*b. Calculate the remainder when k is divided by 29.
26
Calculate the remainder when 97 + ((-30)/3 - -15) is divided by -1 - (1 + 4*-7).
24
Suppose 0*a - m = -3*a + 32, 5*m = a - 20. Let q(p) = -20*p**3 + 7*p + 6. Calculate the remainder when q(-1) is divided by a.
9
Let c = 910 - 900. Let d = -7 + 42. Calculate the remainder when d is divided by c.
5
Suppose 4*o + 2*d + 2*d = 140, 5*o + 4*d - 180 = 0. Suppose 12 = 3*n, 4*z + n - o = 5*n. Let f = 147 - 92. Calculate the remainder when f is divided by z.
13
Suppose 49*u - 57*u + 24 = 0. What is the remainder when 227 is divided by u?
2
Let a be (10 + -5)/((3 - 4) + 2). Suppose -2*w + 30 + 45 = 5*p, 0 = -5*p - a. What is the remainder when 119 is divided by w?
39
Let o(n) be the third derivative of 5*n**4/6 - 3*n**2. Let j be o(1). What is the remainder when (44/(-10))/((-2)/j) is divided by 15?
14
Let n = -5 - -13. Suppose -n*v + 105 = 9. Calculate the remainder when 22 is divided by v.
10
Let v be -14 - -13 - (2 + -53). Let y = v + -9. What is the remainder when y is divided by 9?
5
Suppose 3*k - 24 = 3*m, -3*m = -3*k - m + 20. Let u = -1 - -3. Suppose -24 - u = -l - 2*x, -k*x - 78 = -3*l. What is the remainder when l is divided by 7?
5
Let d(g) = -g**2 + 9*g - 2. Let q(p) = 8*p. Let x be q(10). Let j = x - 33. What is the remainder when j is divided by d(7)?
11
What is the remainder when 374 is divided by 14*1*(5/10 - -1)?
17
Let w = 2 - -17. Calculate the remainder when (40 - 16)*6/4 is divided by w.
17
Let c = 20 + -11. Suppose c*m - 290 = -m. What is the remainder when 82 is divided by m?
24
Calculate the remainder when 108 is divided by (-1*(-10)/(-4))/((-15)/18).
0
Let t(p) = 82*p - 215. What is the remainder when 338 is divided by t(3)?
28
Let z = 67 + -62. Suppose o + 20 = 2*c, -5*c + 8*c - 23 = z*o. Calculate the remainder when 98 is divided by c.
10
Let s be 96/9*(-3)/2. What is the remainder when (-6)/(-2) + (-15 - s) is divided by 1?
0
Let a = -265 - -273. What is the remainder when 44 is divided by a?
4
Let h = 885 + -252. Calculate the remainder when h is divided by 53.
50
Suppose 4*m = 57 + 55. Let k = m + -16. Suppose q - 8 = 37. What is the remainder when q is divided by k?
9
Suppose -k - 100 = -5*g, 4*g - 17 - 64 = k. Calculate the remainder when g is divided by 4.
3
Let u be 0 - (4 - (0 + 6)). Let n(w) = 0*w - 2*w + 14 + 2*w + u*w. What is the remainder when n(7) is divided by 10?
8
Let l be ((-2)/2)/(2/86). Let w(r) = -34*r**2 - 5*r - 2. Let m be w(-1). Let v = m - l. Calculate the remainder when 47 is divided by v.
11
Suppose -59*u + 3*u + 120848 = 0. Calculate the remainder when u is divided by 72.
70
Let r(h) = h**3 + 5*h**2 - 24*h + 6. What is the remainder when 23 + (1 + -2)*2 is divided by r(-8)?
3
Let x(o) = -o**2 - 8*o + 7. Let u be x(-8). Suppose u*j - 2*j - 20 = 0. Calculate the remainder when 41 is divided by (-15)/(-2) - 2/j.
6
Suppose -19*v + 52 + 62 = 0. Calculate the remainder when 18 - (0 - v/3) is divided by 12.
8
Let l(t) = 17*t**2 + 2*t + 10. What is the remainder when l(-4) is divided by 11?
10
Suppose 59*v - 47*v = 1644. Calculate the remainder when v is divided by 72.
65
Let s(f) = -79*f**2 - 5*f - 3. Let l(n) = -118*n**2 - 8*n - 4. Let v(d) = 5*l(d) - 8*s(d). Calculate the remainder when v(2) is divided by 29.
27
Calculate the remainder when 18 is divided by 6/(-20) - (-5618)/1060.
3
Let h(i) = 13*i - 21. Let g be h(5). Let a = 56 - g. Suppose c + 5*v = 27 - 7, -3*c = 3*v - 60. Calculate the remainder when c is divided by a.
8
Suppose 0 = -572*q + 567*q + 1075. Calculate the remainder when q is divided by 24.
23
Suppose -2*o + 5*t - 3 - 2 = 0, -4*o - t - 43 = 0. Let d(c) = -11*c. What is the remainder when d(-1) is divided by (-34)/o + 8/(-20)?
2
Let n(f) = 3*f - 5. Let w(c) be the first derivative of c**2 - 4*c - 5. Let m be w(5). What is the remainder when 25 is divided by n(m)?
12
Let t = -1 + 5. Suppose 0 = 4*i + 5*j - 229, i + j - 4*j = 70. Let m = i - 46. What is the remainder when m is divided by t?
3
Let t = -98 - -328. Suppose -5*p - 50 = -t. What is the remainder when 179 is divided by p?
35
Suppose 9*g - 926 - 469 = 0. What is the remainder when g is divided by 80?
75
Let k = -1 + 4. Suppose k*c + 6 = 75. What is the remainder when c is divided by 16?
7
Let h(f) be the second derivative of f**4/12 + 2*f**3/3 - 5*f**2/2 - 37*f. Calculate the remainder when 18 is divided by h(-6).
4
Let f(y) = -y**2 + 21*y + 11. Let s be f(12). Suppose 0 = -3*i + 2*l - 116, 77 + s = -5*i + 4*l. What is the remainder when 33 is divided by i/(-5)*(-5)/(-2)?
15
Let k(h) = -h**3 + h + 18. Let w be 6/(-4 + 186/47). Let n = 212 + w. What is the remainder when n is divided by k(0)?
17
Let r(d) = -d**2 - 10*d + 61. What is the remainder when 15 is divided by r(-14)?
0
Let n be 9/(-2)*(-14)/21. Suppose 5*v - u - 271 = 0, -n*v = v - 3*u - 208. What is the remainder when v is divided by 14?
13
Let v(m) = -2*m + 8. Let o be v(4). Suppose o = -5*t + 204 + 161. Suppose 0 = 5*g - t + 8. Calculate the remainder when 36 is divided by g.
10
Let h = 535 + -760. Calculate the remainder when 33 is divided by (8/10)/((-10)/h).
15
Let z(j) = j**3 + j**2 - j. Let x(i) = i**2 - 13*i + 26. Let v be x(11). Suppose a - p - 22 = 45, v*p + 76 = a. What is the remainder when a is divided by z(3)?
31
Let r be (-1)/(2/26*-1). Let p(x) = 6*x - 16. What is the remainder when p(r) is divided by 8?
6
Suppose -2*b = -3*j + 1144, 384 = j - 61*b + 63*b. Calculate the remainder when j is divided by 6.
4
Suppose 2*x - 4 = -2*t - 0, -t = 2*x - 9. Calculate the remainder when (-3 + -1 - -24)*2 is divided by x.
5
Suppose -3*o + 52 = 4*a, 5*a = -4*o + 67 + 1. What is the remainder when 60 is divided by o?
0
Let j(f) = 17*f + 74. Suppose 290 = 5*a + 5*o, -5*o - 159 = -3*a + 55. What is the remainder when a is divided by j(-4)?
3
Let d = 1330 + -312. What is the remainder when d is divided by 60?
58
Suppose -4*a = -11 - 49. Let x(m) = m**3 - 21*m**2 + 56*m - 32. What is the remainder when a is divided by x(18)?
3
Suppose 7*r - 5*r = -4*g + 590, 3*r + 4*g = 887. What is the remainder when r is divided by 23?
21
Let m(r) = -22*r + 80. Calculate the remainder when 389 is divided by m(3).
11
Let t be (3/9)/((10/(-66))/(-5)). Suppose -5*q + q - v + 33 = 0, 40 = 5*q + v. Calculate the remainder when t - (2 + -3)*2 is divided by q.
6
Let h = 69 - 46. Let a(v) = -4 + 3*v + 14 - 5*v. Calculate the remainder when a(-17) is divided by h.
21
Let g(d) = -45*d + 189. What is the remainder when g(-18) is divided by 77?
75
Let n(s) = -3*s**2 + 18*s + 11. Calculate the remainder when n(5) is divided by 10.
6
Let y = -78 - -86. Calculate the remainder when 37 is divided by y.
5
Let w = -54 + 75. Let b = w + 8. What is the remainder when b is divided by 11?
7
Let p = 427 + -130. What is the remainder when p is divided by 23?
21
Let p(o) be the second derivative of -o**5/20 + o**4/2 - 5*o**3/6 + 3*o**2/2 + 3*o. Calculate the remainder when p(5) is divided by 3.
0
Suppose 106 = 2*d - 4*j, 4*d + 2*j = 106 + 66. Calculate the remainder when -5*((-2)/(-25))/((-9)/d) is divided by 1.
0
Let n = 61 + -31. Suppose 0*z = 3*z - n. Suppose -h + 29 = -5*p, -2*